(-3 + 7 + -14)).
-4
What is -2 + 0 + 1 + 4 + -5?
-2
Calculate 5 + -2 - 6 - 7.
-10
What is the value of (16 - 19) + 0 + 1?
-2
5 - (7 - 0 - -3)
-5
What is the value of -1 - -6 - (15 + 6 + -13)?
-3
Evaluate 2 + (-1 - -15) + -10.
6
Calculate (86 - 80) + -6 + -1.
-1
What is the value of -5 + (-6 - (-9 - -3))?
-5
What is the value of -1 + -1 + -5 + 11 + -1?
3
Calculate -2 + -4 + 5 - 2 - -2.
-1
2 - 8 - -10 - (9 - 1)
-4
Evaluate 8 - (4 - -3) - -2.
3
(12 - 4) + -4 - 3
1
Calculate (0 - 18) + 50 + -39.
-7
2 - (-4 - -10) - (-3 - 0)
-1
Calculate 1 - 1 - (-32 - -32).
0
What is 3 - -1 - 1 - (-15 + 17)?
1
What is the value of -6 - (-9 + (6 - 3))?
0
Evaluate 2 + -2 - (6 + -1).
-5
Calculate 1 + 9 - (8 + -8 - -7).
3
Calculate -1 + (1 - 4) - -4.
0
-4 + 14 - 0 - 6
4
Calculate 13 - (30 + -11 - 6).
0
Evaluate -6 + 13 + -6 + 6.
7
Calculate -6 - (-6 + -1) - -1.
2
Evaluate (-3 - -2) + 3 + 1.
3
What is 0 + (-3 - -4) - (-26 + 20)?
7
What is (-21 - -13) + -1 + 18?
9
Calculate 50 + -56 - ((0 - 0) + -1).
-5
What is 10 - (23 - 3) - -13?
3
Evaluate 1 + (-2 - ((13 - 7) + -3)).
-4
Calculate 87 + -81 - ((-2 - -3) + 10).
-5
What is the value of -9 - (-13 - (4 + -18))?
-10
Calculate 13 - (4 + (5 - 1)).
5
What is the value of 2 + (2 - -2) + -19 + 15?
2
Calculate 2 + -1 - (-37 - -45).
-7
Calculate 0 - 3 - (-117 - -118).
-4
What is 6 + 2 + (6 - (11 + -5))?
8
What is 5 + 4 + -4 + -9?
-4
What is the value of 2 + (-1 - (8 + -5))?
-2
Calculate (1 - 14) + 6 + (4 - -9).
6
Calculate (3 - (-1 - -7)) + 4.
1
What is 5 + 9 + -23 + 10?
1
What is the value of (-1 - -1) + (-15 - -12)?
-3
Calculate 7 + (-3 + -4 - -5) + 2.
7
What is the value of -3 + 6 + (0 - 1) + 3?
5
-8 - (10 - 1 - 11)
-6
Calculate 5 - (-10 + 11) - 5.
-1
What is 67 + -68 + (-1 - -10)?
8
-1 - 1 - (-1 + -6 + 1)
4
What is -2 - (-7 + 3 - (1 + -3))?
0
Evaluate -6 - ((1 - 5) + 3).
-5
What is (-1 - -3) + (-6 - 4) - -2?
-6
What is the value of 3 - (-6 + -1 + 12)?
-2
Calculate 9 + -7 - (3 + -4).
3
Evaluate 2 - ((-3 - -4) + 5).
-4
-1 + (-2 - (-3 - 5 - -1))
4
What is -3 - (-6 - -12 - 5)?
-4
What is 2 + 5 + 8 - 10?
5
What is -1 + 6 - (4 + 9 + -5)?
-3
Evaluate 7 - (6 + (5 - -1)).
-5
What is -1 - -1 - (18 - 22)?
4
What is 2 - (-3 + (4 - 2))?
3
Evaluate 2 + -2 + 0 + -1 + 1.
0
Evaluate 2 + -4 - (-38 - -38).
-2
What is the value of (-3 - (-4 + -5)) + -11?
-5
Calculate -122 - -130 - (1 + 14).
-7
Evaluate 8 - 7 - (0 - (-1 - -1)).
1
What is -4 + 14 + -4 - 1?
5
(0 - -7) + -83 + 78
2
Calculate -1 + 4 - (6 - 5).
2
What is the value of (6 - 5 - -1) + -9?
-7
What is the value of 4 + (-8 - (-1 - 0)) + 0?
-3
Evaluate -2 - 1 - (26 - 23).
-6
What is 2 + (3 + 1 - 4) - -3?
5
What is the value of (-6 - 5) + (0 - -3)?
-8
What is the value of -5 + 1 + (-1 - (2 - 7))?
0
Calculate -9 + 28 - (2 - -10).
7
Calculate -2 - -3 - 4 - (2 - 2).
-3
14 + -14 - (5 - 0)
-5
What is the value of -4 + 1 - (17 + -20)?
0
What is the value of 2 + (3 - (-1 + 2) - 4)?
0
Evaluate -1 + 4 + -11 + 10.
2
What is 7 + (-4 - 0) - 6?
-3
Calculate 14 + -13 - (-1 + 2 - -1).
-1
What is the value of -3 + -1 + (10 - 6 - -1)?
1
Calculate 0 + 4 - (6 + 2 + -4).
0
Calculate 7 - (10 - 9 - -2).
4
Calculate 6 - (-2 + 4 - (3 + -3)).
4
What is the value of 3 + -7 + -1 + 3?
-2
-4 + (0 - (4 + -5))
-3
What is (14 + (-7 - 1) - 4) + 3?
5
0 + (-8 - -3 - -5)
0
What is the value of 8 - (5 - (1 - (1 + -1)))?
4
What is the value of (3 - (-1 - -8)) + 1 + -1?
-4
What is the value of -5 - (-9 - -5 - 2)?
1
What is the value of 6 + -8 + 2 + -3?
-3
What is 4 - -2 - 3 - 8 - -7?
2
What is (0 - 3) + (0 - 1) + 2?
-2
What is 5 - (-4 + 14 + -5)?
0
What is the value of (7 - 4) + -6 + -4?
-7
7 + -9 - (-3 - -5)
-4
11 - 9 - (0 - -1 - -1)
0
What is the value of 3 + (1 - (-8 + 4) - 8)?
0
-20 + (30 - (-6 + 21))
-5
8 + (-3 - -3 - 3)
5
What is the value of -8 + 0 + -8 + 6 + 5?
-5
Calculate 4 - (-1 - (5 - 2 - 0)).
8
What is the value of -2 - (-11 - -6) - 1?
2
Calculate -4 + 1 + 1 + 0 - 3.
-5
What is the value of -3 + 0 + (-1 - -5) - -4?
5
What is -4 + 1 + -5 - -11 - -4?
7
What is 6 + -14 + 5 + 2?
-1
What is the value of -9 + -1 + 9 - -2?
1
Evaluate 13 + -10 - (-4 - -3).
4
Calculate -13 + (-5 - 2) + 48 + -36.
-8
Evaluate 2 + (-4 + 1 + 4 - -1).
4
8 - 2 - (12 - (-3 - -5))
-4
What is 8 - (5 - 0) - 3?
0
What is the value of 1 + -3 + (10 + 11 - 19)?
0
What is the value of (-2 + 0 - 3) + 12 + -9?
-2
3 + 3 + 0 - (-98 + 100)
4
4 + (3 - (0 - 0)) + -4
3
What is 4 - (0 - -4 - 1)?
1
9 + (-5 - (0 + 1))
3
(10 - 4) + -10 - -8
4
Calculate (3 + 4 - (-1 + 14)) + 0.
-6
Calculate -7 + (25 - (19 - 9)).
8
Evaluate -1 - (-1 + -2 + 7).
-5
What is 7 + 0 - (30 - 26)?
3
What is -4 - (-10 + (6 - (2 - -3)))?
5
Calculate (3 - 1 - 2) + (-18 - -16).
-2
What is 5 + (2 + 0 - (-3 + 5))?
5
Calculate (-3 - -10) + 0 + -7.
0
Evaluate -4 + (-1 - -6) + -5 + 10.
6
Calculate -38 + 46 - (2 + 2 + 0).
4
Evaluate (-5 - (3 - (10 + -5))) + 0.
-3
What is -2 + 4 + 2 + -2 + 0?
2
What is -1 + 0 + -4 - -8?
3
What is -1 - (2 + (-5 - -6)) - -5?
1
6 - ((18 - 6) + -5)
-1
Evaluate -23 + 23 + -12 + 7.
-5
What is the value of 7 - (-4 + 8 - 7 - -15)?
-5
(-4 - 1 - -6) + -9 - -3
-5
Evaluate -1 + -5 + 3 - (1 + -4).
0
What is 0 - (7 + -13 - -6)?
0
Evaluate 1 - (1 + 2 - 5).
3
What is 12 + -18 + 1 + 14?
9
Evaluate 49 + -35 - (6 - -1).
7
Evaluate -11 + 5 - 3 - -14.
5
-9 - (0 - 6 - 6)
3
Evaluate 0 + 1 + 3 + 0.
4
What is the value of 2 - (0 + 3 - (3 - 4))?
-2
Evaluate 2 - (4 + (-12 - (-2 + -3))).
5
(-18 - -13) + 0 + 4
-1
1 - 1 - (-2 + -1 + 6)
-3
Evaluate 3 - (10 + -7) - 1.
-1
-11 + 12 - (0 - (-2 - 2))
-3
5 + (2 - 3) + -13 + 8
-1
What is the value of -5 + 1 + (10 - 10) + -1?
-5
18 - 11 - 7 - 1
-1
Evaluate 5 - (3 + -11 + 5).
8
What is the value of -8 - 0 - -10 - 0?
2
What is 29 + -30 + -1 + 0 + -1?
-3
What is 3 + (-9 - -7) + 6?
7
(3 + -2 - -3) + -4 - 1
-1
What is -4 - (-9 + 8 + -2)?
-1
(-5 - -7) + 2 - (1 - 4)
7
Calculate -5 + (3 - (-5 - -4)).
-1
Calculate 4 + -7 + 1 - -2.
0
Calculate 1 + (-9 + 4 - -7).
3
What is the value of -1 - -2 - (12 - 10 - 4)?
3
What is the value of -1 + 1 + (-7 - -2)?
-5
Evaluate 0 + -3 + -1 + -2 + 6.
0
3 + (-1 + (4 - -1) - 2)
5
What is the value of (13 - (-4 + 17)) + (1 - 3)?
-2
1 + -3 + 7 + -4
1
Calculate -6 - (-13 + 9 + -4).
2
(9 - 11) + (2 - -4)
4
What is the value of -1 + 4 + 37 + -39?
1
0 + (3 - 5 - -5)
3
What is (2 - -13 - 5) + -3 + 1?
8
What is the value of 74 + -68 - (6 - 1)?
1
Calculate -1 - (3 - (-10 + 13)).
-1
Calculate (2 + -2 - 3) + -1.
-4
What is the value of 3 + (-1 - ((2 - 2) + -1))?
3
Evaluate -5 - (-12 - (1 + -5)).
3
Calculate (-1 - 1 - (7 - 6)) + 5.
2
What is 2 + -11 - (-8 + 0)?
-1
What is -2 + (1 - (2 - 4))?
1
What is -11 + (-6 - 1 - -10)?
-8
What is the value of -5 - 6 - -8 - -3?
0
Calculate (2 - 16) + (-13 - (-15 - 3)).
-9
What is the value of 2 + 4 + -2 + (11 - 13)?
2
Calculate -1 - (11 + -7) - 1.
-6
8 + (-3 - -6 - 5)
6
2 + (-2 + 4 - 0 - 1)
3
Calculate (4 - (7 - -3)) + 3.
-3
Calculate 1 + -4 - (-4 + -2) - 0.
3
What is the value of -7 - -10 - 2 - 3?
-2
Evaluate -5 - 2 - -5 - (-5 + 2).
1
(0 - 1) + 2 - 5
-4
What is the value of (1 - 4) + 14 + -10 + 5?
6
Calculate 31 + -30 + -3 + 1.
-1
What is -19 + 20 + (0 - -2 - -2)?
5
What is (-1 - (-8 + 6)) + 1 + -1?
1
What is -16 - (5 + -11) - -7?
-3
Calculate (-6 - (-8 + 2)) + -4 + -1.
-5
Evaluate 16 + -5 + 2 - 7.
6
What is (7 - 10) + (2 - -8)?
7
What is (-5 - -9) + (2 - 4)?
2
Evaluate 3 + (2 + -6 - 2).
-3
What is -3 - 2 - (-7 + 5)?
-3
-12 + (8 + -15 - -12) - -5
-2
What is -9 - (1 - 3 - 5) - -6?
4
What is the value of 7 + 0 + 4 + -11 - -2?
2
0 + 0 - (0 + -1) - -1
2
7 - ((-1 + 30 - 7) + -6)
-9
Calculate 3 + (2 + -2 - -2).
5
Evaluate -2 - ((0 - (-3 - -2)) + -1).
-2
Calculate -2 - (6 + -11 + 6).
-3
-6 + 12 + 1 - (0 + 3)
4
What is 1 - -6 - (-41 + 48)?
0
Calculate -40 + 44 + (0 - -1).
5
Calculate -4 + 2 + -1 + 2.
-1
Calculate -10 + 2 + (-2 - -4) + 1.
-5
Evaluate 3 + -6 + 6 - -1.
4
What is (-7 + -1 - 1) + (-90 - -94)?
-5
5 + (1 - 4) + -2
0
What is the value of (-2 - -2) + -3 + (-2 - 0)?
-5
What is the value of -237 + 231 + (0 - 0) + 5?
-1
Evaluate 1 + -1 + 1 - (-1 + 3).
-1
Calculate 0 + -6 - -6 - (-3 + -1).
4
Calculate (6 - (3 - -1)) + -4.
-2
7 + (10 - 2) - 9
6
4 + -2 + (-3 - -5) + -1
3
Evaluate 3 + 0 + (34 - 32) - 9.
-4
What is (-9 + 4 - -3) + -3 + 7?
2
Evaluate (-12 - -12) + (-3 - -2) + 4.
3
Evaluate (1 - -7) + (61 - 70).
-1
Eval